digit of 6458287?
6
What is the units digit of 7966163?
3
What is the thousands digit of 5746930?
6
What is the hundred thousands digit of 233050?
2
What is the hundreds digit of 344185?
1
What is the hundreds digit of 473886?
8
What is the units digit of 29272?
2
What is the units digit of 5130673?
3
What is the hundred thousands digit of 1169759?
1
What is the hundreds digit of 222699?
6
What is the units digit of 350882?
2
What is the millions digit of 1975910?
1
What is the hundred thousands digit of 981309?
9
What is the thousands digit of 424010?
4
What is the tens digit of 379026?
2
What is the units digit of 11744181?
1
What is the units digit of 166331?
1
What is the units digit of 407442?
2
What is the tens digit of 2373532?
3
What is the ten thousands digit of 316718?
1
What is the ten thousands digit of 46279?
4
What is the hundred thousands digit of 27974914?
9
What is the thousands digit of 12208974?
8
What is the ten thousands digit of 799961?
9
What is the ten thousands digit of 54570?
5
What is the thousands digit of 2162873?
2
What is the units digit of 149854?
4
What is the thousands digit of 1915152?
5
What is the millions digit of 28204309?
8
What is the tens digit of 2233890?
9
What is the ten millions digit of 29865902?
2
What is the units digit of 184509?
9
What is the tens digit of 2504937?
3
What is the thousands digit of 331567?
1
What is the tens digit of 1958135?
3
What is the hundreds digit of 717432?
4
What is the units digit of 3652010?
0
What is the ten thousands digit of 2147024?
4
What is the hundreds digit of 189851?
8
What is the hundreds digit of 1121083?
0
What is the ten millions digit of 27711754?
2
What is the units digit of 213869?
9
What is the hundred thousands digit of 594481?
5
What is the thousands digit of 58287?
8
What is the units digit of 104523?
3
What is the hundreds digit of 1920013?
0
What is the ten thousands digit of 7762134?
6
What is the units digit of 185886?
6
What is the units digit of 11919135?
5
What is the units digit of 837480?
0
What is the hundreds digit of 25932588?
5
What is the thousands digit of 628370?
8
What is the ten thousands digit of 151134?
5
What is the ten thousands digit of 276579?
7
What is the hundreds digit of 167081?
0
What is the units digit of 384652?
2
What is the ten thousands digit of 32602798?
0
What is the units digit of 5110164?
4
What is the hundred thousands digit of 3930664?
9
What is the ten thousands digit of 1478297?
7
What is the ten thousands digit of 3803960?
0
What is the hundreds digit of 720493?
4
What is the ten thousands digit of 19384603?
8
What is the hundreds digit of 1116140?
1
What is the hundred thousands digit of 8175467?
1
What is the units digit of 1315382?
2
What is the tens digit of 12506176?
7
What is the units digit of 17567378?
8
What is the ten thousands digit of 3157197?
5
What is the hundreds digit of 227852?
8
What is the millions digit of 1317222?
1
What is the hundreds digit of 176139?
1
What is the ten millions digit of 35692119?
3
What is the millions digit of 3094696?
3
What is the units digit of 3764123?
3
What is the thousands digit of 14802?
4
What is the hundreds digit of 148481?
4
What is the tens digit of 2731168?
6
What is the ten millions digit of 32045022?
3
What is the thousands digit of 87425?
7
What is the hundreds digit of 11982253?
2
What is the units digit of 27057?
7
What is the tens digit of 7498588?
8
What is the ten thousands digit of 135944?
3
What is the units digit of 12608054?
4
What is the thousands digit of 169007?
9
What is the tens digit of 67397?
9
What is the millions digit of 1502371?
1
What is the millions digit of 22013712?
2
What is the ten thousands digit of 32275113?
7
What is the hundreds digit of 3324564?
5
What is the hundred thousands digit of 10427682?
4
What is the ten thousands digit of 3414154?
1
What is the units digit of 605904?
4
What is the thousands digit of 1055584?
5
What is the thousands digit of 14899943?
9
What is the hundred thousands digit of 460646?
4
What is the units digit of 4053132?
2
What is the tens digit of 3426653?
5
What is the ten thousands digit of 14644284?
4
What is the units digit of 1167080?
0
What is the hundreds digit of 6321011?
0
What is the millions digit of 3088625?
3
What is the units digit of 5069573?
3
What is the ten thousands digit of 16771460?
7
What is the ten thousands digit of 841838?
4
What is the hundred thousands digit of 1059147?
0
What is the ten thousands digit of 20412?
2
What is the hundred thousands digit of 197505?
1
What is the ten thousands digit of 7471046?
7
What is the ten thousands digit of 2514700?
1
What is the tens digit of 3824082?
8
What is the units digit of 162280?
0
What is the tens digit of 697740?
4
What is the hundreds digit of 862992?
9
What is the thousands digit of 7208822?
8
What is the hundreds digit of 5573588?
5
What is the thousands digit of 322292?
2
What is the units digit of 728070?
0
What is the thousands digit of 2105973?
5
What is the units digit of 224772?
2
What is the hundreds digit of 2091023?
0
What is the tens digit of 10619999?
9
What is the hundreds digit of 803859?
8
What is the units digit of 13306761?
1
What is the tens digit of 1198144?
4
What is the tens digit of 4057399?
9
What is the thousands digit of 9318567?
8
What is the hundred thousands digit of 11067663?
0
What is the units digit of 2393239?
9
What is the hundred thousands digit of 976385?
9
What is the millions digit of 5901238?
5
What is the tens digit of 523094?
9
What is the tens digit of 7124810?
1
What is the units digit of 25547?
7
What is the thousands digit of 2313895?
3
What is the thousands digit of 319602?
9
What is the millions digit of 4258540?
4
What is the units digit of 1712160?
0
What is the thousands digit of 18273132?
3
What is the hundreds digit of 282502?
5
What is the hundred thousands digit of 657991?
6
What is the ten thousands digit of 8144051?
4
What is the hundred thousands digit of 488770?
4
What is the hundreds digit of 8134809?
8
What is the hundreds digit of 1379400?
4
What is the thousands digit of 6032716?
2
What is the tens digit of 7653?
5
What is the thousands digit of 27406321?
6
What is the units digit of 441953?
3
What is the millions digit of 12639894?
2
What is the thousands digit of 1062935?
2
What is the hundreds digit of 295505?
5
What is the hundreds digit of 608196?
1
What is the ten thousands digit of 357863?
5
What is the thousands digit of 1019720?
9
What is the units digit of 4553227?
7
What is the thousands digit of 725266?
5
What is the ten millions digit of 28469617?
2
What is the tens digit of 404959?
5
What is the units digit of 722809?
9
What is the units digit of 2945016?
6
What is the millions digit of 27210967?
7
What is the hundred thousands digit of 2028663?
0
What is the ten thousands digit of 244337?
4
What is the hundred thousands digit of 130476?
1
What is the units digit of 27382?
2
What is the hundreds digit of 2323100?
1
What is the hundreds digit of 561973?
9
What is the units digit of 2303?
3
What is the hundred thousands digit of 239241?
2
What is the hundreds digit of 154838?
8
What is the hundreds digit of 244700?
7
What is the units digit of 444442?
2
What is the thousands digit of 3271608?
1
What is the hundreds digit of 3411634?
6
What is the hundred thousands digit of 33028360?
0
What is the units digit of 328257?
7
What is the hundred thousands digit of 314977?
3
What is the units digit of 10192048?
8
What is the hundreds digit of 931175?
1
What is the hundreds digit of 3704290?
2
What is the hundred thousands digit of 3466042?
4
What is the thousands digit of 58342?
8
What is the units digit of 859121?
1
What is the tens digit of 77128?
2
What is the hundred thousands digit of 1244054?
2
What is the tens digit of 174149?
4
What is the thousands digit of 232824?
2
What is the hundreds digit of 19220330?
3
What is the ten thousands digit of 27149228?
4
What is the thousands digit of 856541?
6
What is the thousands digit of 60891?
0
What is the tens digit of 373444?
4
What is the tens digit of 219458?
5
What is the ten thousands digit of 236000?
3
What is the hundred thousands digit of 350122?
3
What is the hundreds digit of 760874?
8
Wh